se
Is 31 a factor of 2993019?
True
Is 3567960 a multiple of 159?
True
Does 19 divide 815784?
True
Is 1649083 a multiple of 96?
False
Is 14533 a multiple of 4?
False
Is 154 a factor of 213978?
False
Is 18 a factor of 355266?
True
Is 3708923 a multiple of 22?
False
Is 50547 a multiple of 87?
True
Is 44825 a multiple of 19?
False
Is 21 a factor of 458199?
True
Is 539 a factor of 1027773?
False
Is 94872 a multiple of 536?
True
Is 13 a factor of 27404839?
False
Does 10 divide 816877?
False
Is 428 a factor of 6220433?
False
Is 26 a factor of 362900?
False
Is 1034480 a multiple of 20?
True
Does 266 divide 296702?
False
Is 412 a factor of 209709?
False
Does 42 divide 6872334?
True
Does 290 divide 3045580?
True
Is 2959492 a multiple of 38?
False
Is 101255 a multiple of 11?
True
Is 36037 a multiple of 7?
False
Does 20 divide 4120?
True
Is 1120 a factor of 16467676?
False
Is 20 a factor of 11923?
False
Is 292 a factor of 60444?
True
Does 71 divide 84916?
True
Does 17 divide 96519?
False
Is 36 a factor of 4730688?
True
Does 19 divide 614102?
False
Is 237105 a multiple of 479?
True
Does 622 divide 863239?
False
Does 1785 divide 23167005?
False
Is 4161102 a multiple of 520?
False
Is 28 a factor of 3035592?
True
Does 157 divide 2091397?
True
Is 98 a factor of 478227?
False
Does 3 divide 1552989?
True
Does 26 divide 157124?
False
Does 33 divide 102465?
True
Is 3 a factor of 33372?
True
Is 193 a factor of 257848?
True
Does 7 divide 947632?
True
Does 10 divide 194571?
False
Is 113925 a multiple of 93?
True
Is 40 a factor of 50295?
False
Does 2 divide 117305?
False
Does 83 divide 18515?
False
Is 221 a factor of 4761003?
True
Is 2377944 a multiple of 202?
True
Is 3 a factor of 188167?
False
Does 14 divide 122928?
False
Is 19470 a multiple of 30?
True
Is 5454 a multiple of 12?
False
Is 226 a factor of 753710?
True
Is 139904 a multiple of 3?
False
Does 121 divide 427372?
True
Does 12 divide 1004218?
False
Is 12 a factor of 84520?
False
Is 3872746 a multiple of 89?
True
Is 2 a factor of 102897?
False
Does 27 divide 423850?
False
Does 128 divide 311736?
False
Does 277 divide 202210?
True
Does 18 divide 59541?
False
Is 42 a factor of 32508?
True
Is 6 a factor of 12465?
False
Does 59 divide 332583?
True
Is 2943972 a multiple of 12?
True
Is 103466 a multiple of 11?
True
Is 7 a factor of 2781235?
False
Is 2614491 a multiple of 33?
True
Is 1207932 a multiple of 33?
True
Is 228 a factor of 3623778?
False
Is 3572118 a multiple of 7?
False
Is 30 a factor of 2345266?
False
Is 13 a factor of 705159?
True
Does 61 divide 1793949?
True
Does 3 divide 197109?
True
Is 4 a factor of 236152?
True
Is 206 a factor of 14008?
True
Is 39 a factor of 3349447?
False
Does 27 divide 1351843?
False
Does 9 divide 3440925?
True
Is 7 a factor of 490102?
False
Is 516186 a multiple of 474?
True
Is 13 a factor of 96877?
False
Is 815594 a multiple of 342?
False
Is 1112873 a multiple of 178?
False
Is 3 a factor of 319615?
False
Is 1480373 a multiple of 283?
True
Is 63 a factor of 233982?
True
Does 792 divide 1587168?
True
Is 4567968 a multiple of 9?
True
Is 2767824 a multiple of 516?
True
Does 23 divide 1302950?
True
Is 14 a factor of 162344?
True
Is 77784 a multiple of 24?
True
Does 4 divide 58702?
False
Is 79 a factor of 802887?
False
Is 984 even?
True
Is 64760 even?
True
Is 109 a factor of 49922?
True
Is 1248619 a multiple of 194?
False
Does 20 divide 8946340?
True
Is 982255 a multiple of 111?
False
Is 12940919 a multiple of 274?
False
Is 792 a factor of 2642763?
False
Is 22405 a multiple of 311?
False
Is 3292600 a multiple of 326?
True
Is 557326 a multiple of 94?
True
Is 11397 a multiple of 131?
True
Is 69636 a multiple of 84?
True
Is 43 a factor of 1640665?
True
Does 5 divide 13224?
False
Is 554044 a multiple of 20?
False
Is 4097144 a multiple of 152?
False
Is 708 a factor of 398263?
False
Does 3 divide 47709?
True
Is 79329 a multiple of 25?
False
Is 9 a factor of 653203?
False
Is 48 a factor of 778944?
True
Is 6 a factor of 83965?
False
Does 154 divide 52324?
False
Does 14 divide 184268?
True
Is 11 a factor of 59961?
True
Is 49 a factor of 479710?
True
Is 243805 a multiple of 9?
False
Is 4346520 a multiple of 268?
False
Is 333551 a multiple of 27?
False
Is 1285583 a multiple of 123?
False
Is 3162000 a multiple of 31?
True
Does 3 divide 5166?
True
Is 3052323 a multiple of 1025?
False
Does 23 divide 80658?
False
Does 19 divide 4491752?
True
Is 6016572 a multiple of 75?
False
Is 205 a factor of 228423?
False
Is 2941344 a multiple of 72?
True
Is 237 a factor of 87453?
True
Is 57929 a multiple of 53?
True
Does 4 divide 201010?
False
Does 293 divide 51435?
False
Does 31 divide 880108?
False
Is 20 a factor of 4780479?
False
Is 287601 a multiple of 43?
False
Does 17 divide 296071?
False
Is 207774 a multiple of 36?
False
Is 12 a factor of 3620352?
True
Does 167 divide 19427?
False
Does 27 divide 358851?
False
Is 27 a factor of 6141690?
True
Is 247770 a multiple of 46?
False
Is 44583 a multiple of 2?
False
Is 2 a factor of 6771?
False
Does 55 divide 17490?
True
Is 7 a factor of 1910800?
False
Is 24 a factor of 142306?
False
Is 267 a factor of 196455?
False
Is 1825025 even?
False
Is 23 a factor of 332745?
False
Is 87526 a multiple of 114?
False
Is 246 a factor of 1032954?
True
Does 3 divide 320118?
True
Is 339138 a multiple of 166?
True
Is 367 a factor of 711246?
True
Is 11 a factor of 135954?
False
Does 10 divide 658372?
False
Is 111 a factor of 620490?
True
Does 220 divide 64240?
True
Is 347 a factor of 6975741?
True
Is 584219 a multiple of 53?
True
Is 67257 a multiple of 18?
False
Is 155 a factor of 1157540?
True
Does 13 divide 33243?
False
Is 851975 a multiple of 28?
False
Does 45 divide 363285?
True
Does 10 divide 4405550?
True
Is 9686530 a multiple of 119?
False
Is 248780 a multiple of 14?
True
Does 124 divide 501828?
True
Does 2 divide 172469?
False
Does 10 divide 246750?
True
Is 4 a factor of 98272?
True
Is 740196 a multiple of 116?
True
Does 8 divide 998024?
True
Is 105416 a multiple of 726?
False
Does 461 divide 921470?
False
Is 180920 a multiple of 10?
True
Is 2872 even?
True
Is 4 a factor of 32292?
True
Does 57 divide 930935?
False
Is 1990 a multiple of 318?
False
Is 306 a factor of 19982899?
False
Does 312 divide 784343?
False
Does 56 divide 311696?
True
Is 52 a factor of 147509?
False
Does 348 divide 253344?
True
Is 59598 even?
True
Is 3682747 a multiple of 285?
False
Is 4643436 a multiple of 21?
True
Is 286139 a multiple of 11?
False
Is 48 a factor of 761968?
False
Does 9 divide 2023056?
True
Does 11 divide 201410?
True
Does 45 divide 98401?
False
Is 14 a factor of 331974?
False
Does 9 divide 5976?
True
Is 28481 a multiple of 32?
False
Is 1294582 a multiple of 47?
False
Is 645 a factor of 5219340?
True
Is 23 a factor of 11007981?
False
Does 9 divide 4146246?
True
Is 300486 a multiple of 9?
False
Is 10214814 a multiple of 358?
True
Does 4 divide 179467?
False
Does 11 divide 91924?
False
Does 62 divide 28396?
True
Does 323 divide 33915?
True
Is 54464 a multiple of 32?
True
Does 85 divide 7055?
True
Is 12 a factor of 1806912?
True
Is 15 a factor of 15868125?
True
Is 78 a factor of 4621188?
True
Does 123 divide 1086336?
True
Is 45661 a multiple of 77?
True
Is 25122 a multiple of 237?
True
Is 18273230 a multiple of 1442?
False
Does 11 divide 962808?
True
Is 518282 a multiple of 19?
True
Is 12906719 a multiple of 16?
False
Is 6046648 a multiple of 785?
False
Is 552 a factor of 491832?
True
Does 40 divide 938920?
True
Is 20 a factor of 3686760?
True
Is 32 a factor of 84769?
False
Does 92 divide 2890809?
False
Is 200888 a multiple of 75?
False
Is 14 a factor of 5122349?
False
Is 1142952 a multiple of 6?
True
Does 26 divide 2539264?
True
Does 610 divide 4951980?
True
Does 36 divide 67464?
True
Is 1424355 a multiple of 56?
False
Is 9 a factor of 1708866?
True
Is 64 a factor of 347264?
True
Is 48 a factor of 2902337?
False
Is 69 a factor of 367273?
False
Is 3460153 a multiple of 25?
False
Is 36 a factor of 57649?
False
Does 27 divide 320409?
True
Is 8127934 a multiple of 107?
True
Is 2 a factor of 487921?
False
Does 53 divide 2669375?
False
Is 26 a factor of 3218592?
True
Is 4 a factor of 46081?
False
Is 1315305 a multiple of 27?
True
Is 1518900 a multiple of 915?
True
Is 160462 a multiple of 51?
F